 24*s - 5. Let q(j) = -5*j**2 + 6 + 8*j - 4 - 2*j**2. Suppose -238 = 8*h + 6*h. Let a(w) = h*q(w) - 6*x(w). Determine a(7).
3
Let g(k) = k. Let t be g(3). Let h(p) = 5*p + 3 - 7*p - 18*p**3 + 5*p + 17*p**3. Determine h(t).
-15
Let o(b) = 16253 - 8126 + b - 8126 + 90*b. Give o(1).
92
Let w(l) = l**2 + l. Let y(j) = -2*j**3 - 22*j**2 + 2*j + 21. Let o be y(-11). Let n(x) = x**3 + 2*x**2 + 8*x - 4. Let a(v) = o*n(v) + 6*w(v). What is a(4)?
-4
Suppose 601 = 9*u - 551. Let f(g) = g**2 + 128*g - 253*g + u*g - 3. What is f(-7)?
25
Let d(p) be the first derivative of p**6/120 - p**5/10 + p**4/6 + p**3 + p**2/2 - 2*p + 139. Let w(t) be the second derivative of d(t). Determine w(5).
1
Let h(i) = 61*i - 239. Let k be h(5). Let d be (k/(-15))/(-11) + 37/(-5). Let f(m) = -2 + 4*m + 9 - 5*m. Give f(d).
14
Let b be (-16)/(-6)*9/6. Suppose -2*c + 10 = -o, -b*c = c - 3*o - 24. Suppose 0 = 12*z - 11*z - c. Let v(i) = i - 13. Calculate v(z).
-7
Suppose -13 = 2*j - 47. Let q be (-25 + j)*10/(-4). Suppose q = -0*o + 5*o. Let l(k) = k**2 - 2*k - 4. What is l(o)?
4
Suppose 4*n - p + 9 = 0, -79*n - 28 = -76*n - 5*p. Let c(m) = -30*m**3 + m**2 + m. Calculate c(n).
30
Let p(h) be the first derivative of h**3/3 - 2*h**2 - 38*h - 19. Let f(c) be the first derivative of p(c). What is f(-3)?
-10
Let g(j) = -126 + 8*j + 11*j - 26*j + j + j. Give g(-18).
-36
Let p(m) = 37*m**2 + 43*m**2 - 81*m**2. Suppose 33 = -r + 32. Calculate p(r).
-1
Let h(g) = -3*g**2 - 24*g - 10. Suppose 4813*z - 4809*z - 20 = 0, -z + 33 = -4*q. Calculate h(q).
11
Let h(c) = -52*c**2 - 18*c**3 + 34*c**3 - 13*c**3 - 5*c**3 - 49*c + 23. What is h(-25)?
-2
Let z(h) = h**3 - 9*h**2 - 6*h - 5. Let n(j) be the third derivative of -j**6/60 + j**5/60 - j**4/24 + j**3/6 - 31*j**2. Let b(p) = n(p) + z(p). What is b(-7)?
-4
Let m(r) be the third derivative of 5/6*r**3 - 13*r**2 + 0*r + 0 + 0*r**4 + 1/120*r**5. Let b(y) be the first derivative of m(y). Give b(4).
4
Suppose 76*g + 898 - 130 = -180*g. Let p(m) = 3*m**3 + 3*m**2 - 6*m - 5. Give p(g).
-41
Let p(r) = -97*r + 5*r**2 - 2*r**2 + 105*r - 2 - 2*r**2 - 2*r**2. Calculate p(10).
-22
Suppose 4*c = -2*j - 2, -92*j + 14*c - 53 = -87*j. Let r(d) = 10*d. What is r(j)?
-50
Suppose 4*o - 5*q = 3*o - 6, 3*o - 2*q = 21. Let p(g) = -g - 9. Calculate p(o).
-18
Let t(l) = 80*l**2 + l - 2. Let p be t(1). Let y = -74 + p. Suppose -3 = -4*q + y. Let m(o) = 2*o**2 - 4*o + 2. Give m(q).
2
Suppose 0 = -466*l + 610*l + 720. Let y(c) = c**2 + 6*c + 8. What is y(l)?
3
Let a(r) = 2*r - r**3 - 5 - 3*r**2 - 3 + 2 + 3. Let c be a(-4). Let s(n) = 130*n**2 - n**3 + 127*n**2 + 2 + 2*n + 121*n**2 + 1 - 374*n**2. Calculate s(c).
-12
Let c(s) = -s**2 - s + 11. Let k(g) = -2*g**2 - 23*g - 2. Let j be k(-8). Let t be (-81)/j + -2 + 21/6. What is c(t)?
11
Let y(p) = 5*p**2 - 7*p. Let j(f) = -11*f**2 + 15*f. Let t(h) = 6*j(h) + 13*y(h). Let b be 99*(-48)/528 - (-2 - 8). What is t(b)?
-2
Let r(v) = -9634 + 9652 + 8*v + 9*v - 14*v. Give r(-10).
-12
Let k(j) = -j**2 - j. Suppose -5*f + 273 = -8*f + 3*r, -380 = 4*f + 4*r. Let c = 105 + f. Let p be (-3)/c + 55/(-20). What is k(p)?
-6
Let r(k) = k**3 - 3*k**2 - 3*k. Let l(n) = -4*n + 2*n - 5 + 5*n. Suppose 3*i - 2*s = 17, 0 = -3*i - 4*s - s - 11. Let t be l(i). Determine r(t).
4
Let d be (4 - 3)/((5 + -10)/(-5)). Let t(x) be the second derivative of 7*x**3/2 + x. Determine t(d).
21
Let r(x) = x**2 + 17*x - 93. Let h be r(-22). Let d(o) = o + 2. Calculate d(h).
19
Let j(h) = 2*h**3 + 2*h**2 + h + 1. Let i be (-2)/7 + 220/35. Suppose i*c = 13 - 25. What is j(c)?
-9
Let o(v) = 2*v**3 - 72*v**2 + 2*v - 72. Let d be o(36). Let n(r) = -4*r - 10. Determine n(d).
-10
Let p(q) = -17*q + 88. Let f be (-10 + 24)*26/91. Calculate p(f).
20
Let m(d) = -4*d. Let w be 259/(-4) + (-8)/32. Let t = w - -68. Give m(t).
-12
Let q(m) = 6 - m - 7 + 11. Suppose -4*h - 1141 = -1145. Let d be (h + 4)/(5/10). Calculate q(d).
0
Let w be (-1099)/(-314) + (3/(-18))/((-1)/33). Let q(v) = -v**2 + 6*v + 37. Calculate q(w).
10
Let o(q) = -q**3 - 11*q**2 + 4*q + 7. Suppose -3*v = -2*s - 39, 818*v - 822*v = 2*s + 4. What is o(s)?
103
Suppose -2320*c + 105 = -2299*c. Let d(k) = -2*k**2 - k - 15. Give d(c).
-70
Let a(c) = -86*c + 7 + 53*c - 15 - 5 + c**3 - c**2 + 34*c. Let n(i) = -i**2 + 3*i - 1. Let r be n(3). Let o be r/4 - (-4)/16. Give a(o).
-13
Suppose 0 = -4*t + 6*u - 7*u - 2, t + 2*u = 3. Let b(r) be the third derivative of 2*r**2 - 1/12*r**4 + 0*r - 7/60*r**5 + 0 - 1/6*r**3. Give b(t).
-6
Let u(q) = 3*q**2 - 8*q + 3. Let n(c) = c**3 - 6*c**2 + 18*c - 409. Let i be n(9). Determine u(i).
83
Let x(w) = -w**2 - 3*w - 3. Suppose 3*m = 4*z + 12, -158*m + z + 3 = -163*m. Calculate x(m).
-3
Let x(s) = 12*s - 157. Let w(t) = -4*t + 54. Let z(u) = -17*w(u) - 6*x(u). Calculate z(21).
-60
Let b(j) = 3 - 1385*j**3 + 772*j**3 + 7*j**2 + 612*j**3 + 2*j. Calculate b(5).
63
Let w(z) = 467 + 13*z - 941 + 618. Calculate w(-11).
1
Let o(v) be the second derivative of v**5/20 - 7*v**4/12 + 2*v**3/3 + v**2 - 5*v. Suppose -p + 2*p = 68. Let m be p/11 + 4/(-22). Give o(m).
-10
Suppose 28*h - 423 = -h - 18*h. Let l(u) = -4*u + 31. What is l(h)?
-5
Let i(n) be the third derivative of -n**5/12 + 7*n**4/24 - 5*n**3/3 + 81*n**2. Let u(l) = 11*l**2 - 17*l + 20. Let f(r) = 13*i(r) + 6*u(r). Give f(12).
2
Let l(c) = -c**3 + 19*c**2 - 4*c + 72. Let w(a) = -27*a + 343. Let b be w(12). Calculate l(b).
-4
Let v(u) = 11*u**2 - 10*u - 6. Let i(h) = -2*h**2. Let y(x) = -6*i(x) - v(x). Let m = -5 - 5. Calculate y(m).
6
Suppose -30*h - 4 = -26*h - 3*v, -h + 2*v = 6. Let b(s) = -10 - s**2 + 0*s**2 - 4*s**2 + 4*s**h. Let k(u) = u**3 + 2*u**2 - u - 2. Let a be k(-2). What is b(a)?
-10
Let r(z) = -345172233 + z - 7*z**2 + z**2 + 345172232. Let i(k) = 4*k**2 + 5*k - 1. Let g(u) = -u**2. Let l(p) = -3*g(p) - i(p). Let a be l(-5). Determine r(a).
-6
Suppose 0*d = 36*d - 59 - 49. Let o(c) = 32*c - 36. What is o(d)?
60
Suppose 806 = 9*a - 184. Let h(l) = 114*l + 6 - a*l - 3. What is h(-2)?
-5
Let l(b) be the first derivative of -5*b**4/24 - b**3/2 + b**2 - 19*b + 42. Let a(p) be the second derivative of l(p). What is a(2)?
-13
Let o(q) = -q**2 - 6*q + 7. Suppose 5*c - l - 10 = 0, -c - l = -4*l - 2. Let j be ((-21)/9 - -1)/((-2)/24). Let y be (-88)/j - c/4. What is o(y)?
7
Let x(g) = 2*g**3 - 2*g**2 - 4*g - 2. Let s(c) = -12*c - 46. Suppose 5*q = -2*b + 3*q - 18, 5*b + 9 = 4*q. Let y be s(b). Suppose y = 41*v - 48*v. Give x(v).
-18
Let q(y) be the second derivative of -y**4/6 - 6*y**3 - 70*y**2 + 6380*y. Give q(-12).
4
Let b be (2835/243)/((-7)/(-6)). Let k(m) = m**2 - 24*m + 144. Determine k(b).
4
Let k be 7 + 2 - (2/(-3))/((-28)/42). Let j(s) = 7*s - 39. Calculate j(k).
17
Let f(p) = 4*p + 2 + 8*p + 10*p - 19*p. Let w be f(0). Let c(a) = a + 40*a**3 + a**2 - 3*a**w - 50*a**3. Calculate c(1).
-11
Suppose b - 20 = -4*l, -74 + 76 = -l - 2*b. Let m(w) be the second derivative of -w**3/3 + 2*w**2 + w. Give m(l).
-8
Let f(o) = -o**3 - 13*o**2 - 9*o - 19. Suppose -k = 53*k + 408 + 240. Determine f(k).
-55
Suppose -8*d + 10*d - 4*b = 2, -2*b - 36 = 4*d. Let p(l) = 4*l**2 + 28*l + 7. Determine p(d).
7
Let u(z) = -z**3 + 4*z**2 - 2*z - 2. Let i = 91 - 84. Suppose -i = 5*s + 33. Let o(g) = g**2 + 10*g + 20. Let x be o(s). Give u(x).
-10
Let v(w) = w**2 + 18*w + 17. Let y be 289/34*3*(-2)/3. What is v(y)?
0
Let i(z) be the third derivative of z**4/6 + 2*z**3 - 2*z**2. Let a = -112390 - -112382. Determine i(a).
-20
Suppose 5*j - 5*t = -200, t - 10 = j + 6*t. Let n = j + 34. Let h(q) = -3*q**2 + 7. Let i(f) = -f**2 + 4. Let o(y) = -3*h(y) + 5*i(y). Determine o(n).
3
Let x(c) be the second derivative of -c**4/12 + 7*c**3/3 - c**2/2 + 2772*c. Calculate x(15).
-16
Let v be ((-7)/(-7))/(2/14) - 4. Let j(q) = -6*q + v*q + 4*q + 2*q - 6*q. Calculate j(-4).
12
Suppose 2*r + 2*r = 3*r. Suppose 0*h + d - 60 = -2*h, r = -3*h + 2*d + 83. Let s = h - 31. Let g(v) = 10*v + 1. Give g(s).
-19
Let w(g) = -6*g - 1. Let p = 6 - 3. Let y = -949 + 951. Suppose y*z - 2*v - 12 = 0, -p*z + 5*z = -4*v - 18. Calculate w(z).
-7
Suppose -16*t - 4 + 60 + 72 = 0. Let q(a) = 2*a**2 - 15*a + 1. Give q(t).
9
Suppose 0 = n + 3*a - 5, -5*n + 4*a = -2*n - 2. Let p be (-5 - -11) + -2 + -1. Let z(m) = 2*m**2 - 2*m**2 + 2*m**2 + 6 - 3 - p*m. Calculate z(n).
5
Let y be -4*((